*v - 5*c + 35 = -j*v. What is the greatest common divisor of v and 42?
6
Let u(p) = -34*p - 24. Let w be u(-6). What is the highest common factor of 20 and w?
20
Suppose 243*c = 262*c - 7505. Calculate the greatest common divisor of c and 79.
79
Suppose -49*k + 9097 = 473. What is the greatest common factor of 1364 and k?
44
Suppose 14*f - 210 = -f. Let w = -17 - -19. What is the highest common factor of w and f?
2
Let z = -35 - -45. What is the greatest common divisor of z and 250?
10
Let l(k) = k**3 - 26*k**2 + 32*k - 173. Let g be l(25). What is the greatest common divisor of 82 and g?
2
Let n = 10 + -4. What is the greatest common divisor of n and 2?
2
Suppose -4*o = 16, -85*t + 87*t = -2*o + 78. What is the greatest common factor of 1333 and t?
43
Suppose 2*n = -5*j + 3910, 2*n - 3914 = 14*j - 18*j. Calculate the greatest common factor of n and 262.
131
Let v be (-282900)/(-1656) - ((-1)/6 + 0). Suppose 5*x = -0*x + 95. What is the highest common divisor of v and x?
19
Let n = -1 + 2. Let w(j) = 11*j - n + 12*j + 3*j - 9*j. Let s be w(5). What is the greatest common factor of s and 12?
12
Let b be 10863/34 + (-1)/2. What is the greatest common divisor of b and 29?
29
Let f(z) = z**2 - 10*z + 34. Let t be f(6). Calculate the highest common factor of t and 5.
5
Let k(c) = 29*c**2 + 29*c + 56. Let h be k(-2). Calculate the highest common factor of h and 190.
38
Let s(p) = -p + 17. Let w be s(13). Suppose 113 = 5*o + 2*q, -q = o - 0*o - 25. Let x = w + o. Calculate the greatest common divisor of x and 75.
25
Suppose q = -g + 5, -4*q + 1 = 2*g - 1. Suppose -3*r + 45 + g = 0. Calculate the greatest common divisor of 6 and r.
6
Let x be -1 + 14 + 12/3. What is the greatest common factor of 17 and x?
17
Let v(d) = d**3 - 6*d**2 - 5*d + 5. Let z be v(7). Let x(u) = 4*u**2 - 23*u + 13. Let n be x(6). Calculate the greatest common factor of n and z.
19
Suppose 2*y + 210 = 8*y. Suppose 40 = 3*r + 5*n, -n + 3 = 1. Calculate the highest common divisor of y and r.
5
Let f(q) = 3*q**2 + q - 15. Let m be f(5). Calculate the highest common factor of 5 and m.
5
Suppose -n - c = -4, 2*n = -2*n + 2*c + 10. Suppose -y + 4 = -0. Suppose -y = -n*a + 185. What is the greatest common factor of a and 9?
9
Suppose 0 = 5*j - 20, o - j - 1940 = -0*o. Calculate the highest common factor of 24 and o.
24
Let h = 368 + -214. Let t be (-2)/(-3) + (-14)/(-6). Suppose -6 = t*r, r = 2*q + 27 - 73. What is the greatest common factor of q and h?
22
Let f be 192/(-33) + 4/(-22). Let g be f + 15 + 1 + 3. What is the highest common factor of g and 130?
13
Let k(g) = -13*g - 7. Let p(v) = -11*v - 6. Let j(m) = -6*k(m) + 7*p(m). Let h be j(24). What is the highest common divisor of h and 3?
3
Let n = -157 + 248. Calculate the greatest common divisor of n and 117.
13
Let i(d) = -5*d**2 + 2*d + 2. Let g be i(-3). Let m = 169 + g. Calculate the highest common divisor of m and 15.
15
Suppose t - 3*v = 2*t - 12, -2*v + 4 = 0. Suppose -2*j + 2*c + 30 = 2*j, -3*j + 21 = -c. What is the greatest common divisor of j and t?
6
Suppose 0 = s - 8 + 3. Let v be 96 + (1 - (-2 - -4)). Let m = -65 + v. What is the highest common divisor of m and s?
5
Let a be (-7 - -1)/((-6)/(-261)). Let l = -72 - a. Let y be (-2)/(-5) - 103/(-5). What is the highest common factor of y and l?
21
Suppose 3*i - 7*i + 3*n = -431, -n + 443 = 4*i. Let b = 5 - 2. Suppose -100 = -4*a - 3*p, a + b*p - 2 = 32. What is the greatest common factor of a and i?
22
Suppose 4*c - 6*c = -90. Let z be 10/75 + (-231)/c. Let r = z + 11. Calculate the greatest common factor of r and 24.
6
Let s be (620/1)/10 + -5. Let h be (-2)/(-1)*570/12. Calculate the greatest common divisor of s and h.
19
Suppose -2*j + 25 = 5*f, -6*j - f + 5 = -j. Suppose j = -2*b + 73 + 67. What is the highest common factor of 42 and b?
14
Suppose -3*x + 216 + 0 = 0. Suppose -4*t - 12*t + 144 = 0. What is the highest common factor of t and x?
9
Let g = 5 + 11. Let t(y) = 32*y**2 - y + 1. Let a be t(1). Suppose -4*d = 3*u - 100, u = -5*d + 5 + a. What is the highest common divisor of u and g?
16
Let o be (-18)/(-45)*1*5. Let f be -1 - (1 + (2 - 19)). Suppose o*q - 15 = f. Calculate the greatest common divisor of 135 and q.
15
Suppose 4*h + 28 = 8*h. Let m = 31 - h. What is the greatest common divisor of m and 8?
8
Suppose 0 = -7*u - 8*u + 240. Calculate the greatest common factor of 2 and u.
2
Suppose 4*z + 4 = 0, -3*r + 33 = 4*z - 68. Calculate the greatest common factor of r and 35.
35
Let n = -34 + 50. Let z be (-128)/(-24)*6*4. Calculate the highest common factor of n and z.
16
Suppose w = 1 - 3. Let k be 9/(3/6 + w). Let s be 109 + k*(-6)/(-9). What is the greatest common divisor of s and 15?
15
Let l be (-6)/(-9) - 3714/(-18). What is the highest common factor of l and 23?
23
Let m(d) = -3*d**3 + 5*d**2 + 4*d - 2. Let i be m(-3). Calculate the greatest common factor of i and 32.
16
Suppose -d + 127 = -3*j + 40, 5*d = -3*j + 417. What is the greatest common divisor of 48 and d?
12
Let h be 2/(-24)*-4 - 1646/6. Let z = -138 - h. Calculate the highest common factor of 17 and z.
17
Let b be (-3)/(((-30)/(-46))/(-5)). Let m = 3 + b. What is the highest common factor of 39 and m?
13
Suppose 9*j - 7*j = 3*q + 191, -2*j = q - 179. Calculate the highest common divisor of 7 and j.
7
Let v(k) = -k + 18. Let p be v(6). Let y(s) = 2*s - 3*s + 17 + 0*s. Let u be y(p). Calculate the greatest common factor of u and 15.
5
Suppose 20*f - 3358 - 3642 = 0. Calculate the greatest common divisor of 28 and f.
14
Let u(l) = l**2 + 16. Let c be u(0). Let t be (0 + -1)*(c + -7 + -10). What is the greatest common divisor of t and 5?
1
Let u(z) be the second derivative of -z**5/20 + 5*z**4/12 - 5*z**2/2 - 3*z. Let w be u(4). What is the greatest common divisor of w and 44?
11
Let v(y) = 2*y - 65. Let u(l) = -5*l + 129. Let m(n) = -3*u(n) - 7*v(n). Let d be m(0). Calculate the highest common factor of 17 and d.
17
Suppose 3*j - 32 = 16. Suppose 54 = j*o - 13*o. Calculate the greatest common divisor of 162 and o.
18
Suppose -4*i + 16 = -2*q - 6, 3*q - 31 = -2*i. Calculate the highest common divisor of i and 200.
8
Let g(b) = -2*b + 11. Let r be g(0). Let u = 56 - 31. Let p be 602/5 - (-15)/u. What is the greatest common divisor of r and p?
11
Let y be (-28)/(-6) + 2/(-3). Suppose 12 = 2*k + 5*x - 19, 0 = y*k + 4*x - 68. What is the highest common divisor of k and 6?
6
Let j be 3*((-66)/(-297) + (-8180)/(-18)). What is the greatest common divisor of 62 and j?
62
Let b(m) = 2*m**3 - 4*m**2 - 14*m + 26. Let a be b(4). Calculate the highest common factor of a and 238.
34
Suppose s - 17 = -3*b + b, b - 4 = s. Let o(y) = 11*y**2 - 5*y + 8. Let q be o(2). Calculate the greatest common divisor of q and b.
7
Let f be 8/(-3*6/45). Let t = 62 + f. Suppose -4*m - 6*x = -3*x - 36, 5*m = -3*x + t. Calculate the highest common divisor of 6 and m.
6
Let h be (11 + 0)*1 - (-9 - -6). Let b(w) = -15*w**2 + w. Let j be b(1). Let p be (j/3)/(2/(-48)). Calculate the greatest common factor of p and h.
14
Let t be ((-285)/(-76))/(6/16). What is the greatest common divisor of t and 130?
10
Let w = 403 + -402. What is the greatest common factor of w and 15?
1
Let k = -680 + 885. What is the highest common divisor of k and 41?
41
Suppose 2*z + 4*r - 136 = 18, -4*z + 286 = -3*r. Suppose -47 = -5*k + z. What is the highest common factor of k and 216?
24
Let u(o) = -1372*o**3 - o**2 + 13*o + 14. Let b be u(-1). Calculate the greatest common factor of b and 98.
98
Let l = 36 + -30. Calculate the highest common divisor of 22 and l.
2
Suppose -l + 2*l + 1 = 0. Let y(n) = 3*n**2 - 3*n - 1. Let h be y(l). What is the highest common divisor of h and 1?
1
Suppose 2*w = w + 35. Let v = 33 + -16. Suppose 0 = k + 4*x - 2*x - v, -k + 22 = 3*x. What is the highest common factor of k and w?
7
Let d = 94 - 89. Let q = 6 - 3. What is the highest common divisor of q and d?
1
Suppose r + 3*d = 604, 9*r - 4*r + 5*d = 3060. Let v(s) = -9*s - 16. Let o be v(-8). Calculate the highest common divisor of o and r.
56
Suppose 0 = -16*b + 633 - 57. Calculate the highest common factor of 72 and b.
36
Let q(v) = 2*v**2 + 7*v - 1. Let n be q(5). Let o(k) = -k**3 + 51*k**2 - 35*k + 1911. Let c be o(51). Calculate the highest common divisor of